r of k and n.
6
Let c = -31 + 55. Calculate the greatest common factor of 264 and c.
24
Let f(w) = w**3 + 6*w**2 - 4*w + 7. Let i be f(-5). Let d be 90/(-4)*(-8)/10. Let y be 246/d - 4/6. What is the highest common divisor of i and y?
13
Suppose 392 = 5*h - 693. Calculate the highest common factor of 31 and h.
31
Suppose 6 = 2*l, -8 = -9*h + 8*h + l. Suppose -5*f + 133 = o - 475, 251 = 2*f + 3*o. Calculate the greatest common divisor of f and h.
11
Suppose 5*m = 2*u - 2, -2*u - m - 10 = -0*u. Let c be u/14 - 394/(-7). Suppose -n + 6 = 4*s, 3*n + 4*s = -n + 48. What is the greatest common factor of n and c?
14
Let f(s) = 2*s - 3. Let j be f(3). Suppose 2*w + 4*v + v - 92 = 0, -5*w + 249 = j*v. What is the highest common divisor of 17 and w?
17
Let r be (-13)/(-3) + (-4)/(-6). Suppose -c + 3 = 5*n - 2, r = 5*n + 5*c. Let s be (n + 0 + -12)*-9. What is the highest common divisor of s and 11?
11
Let x = 4 + 0. Suppose 13*t - 8 = 11*t. What is the greatest common divisor of x and t?
4
Let w be 286/8 - (-3)/12. What is the greatest common factor of 4 and w?
4
Suppose 2*u + 32 = 2*d, d - 4*u - 11 - 14 = 0. What is the greatest common divisor of d and 78?
13
Let c be 4 - (-2 + -1 - -3). Let g(t) = t - 1. Let f be g(c). Let b(l) = l**3 - l**2 + l - 3. Let s be b(f). Calculate the greatest common factor of 198 and s.
18
Suppose 5*j = -5*v + 60, 24 - 3 = 4*v - 5*j. Let x be 26/6*(-18 + 0). Let l = x + 123. What is the highest common divisor of l and v?
9
Suppose 2*c - 20 = 7*c. Let j = c + 15. Let t be (-466)/(-14) - (-2)/(-7). Calculate the highest common factor of t and j.
11
Let r(j) = j**2 - 2*j - 4. Let g(l) = -l**3 + 6*l**2 - 6*l + 3. Let y be g(5). Let p be r(y). What is the greatest common factor of 36 and p?
4
Suppose -3*z + 4*z - 3 = -2*q, 2 = 3*q + 2*z. Calculate the greatest common factor of q and 20.
4
Suppose -22 = -6*g + 14. Let z be (2/4)/((-1)/(-108)). What is the greatest common divisor of z and g?
6
Let f be (-90)/(-4) + (-18)/(-12). Suppose 375 = 2*d + z, -4*d + 734 + 10 = -4*z. Let i = d - 19. Calculate the highest common factor of i and f.
24
Let f = -55 - -111. What is the highest common divisor of 7 and f?
7
Suppose -5*f = -3*k - 39 - 91, 0 = 3*k + 3*f + 162. Let c = 86 + k. What is the highest common divisor of 4 and c?
4
Let d(m) = -2*m. Let w be d(-1). Suppose -2*r + 5*i = i + 2, w*i = -3*r + 37. What is the greatest common factor of r and 9?
9
Let c(h) = 33*h - 9. Let z(g) = -8*g + 2. Let f(n) = 2*c(n) + 9*z(n). Let u be f(-2). Suppose 3*r = 4*r - u. What is the greatest common factor of r and 96?
12
Suppose 12*a - 324 = 10*a. Calculate the highest common factor of 36 and a.
18
Let z = 22 - 12. Let q(u) = u**3 - 10*u**2 + 3*u - 6. Let o be q(z). What is the greatest common divisor of o and 6?
6
Let u = -6 - -5. Let r = u - -8. Let z(g) = g**2 + 4*g - 11. Let c be z(-8). What is the greatest common factor of c and r?
7
Let r be 1344/10 - 15/(-25). Suppose -2*y - 91 = -3*q + 84, -5*y - r = -2*q. Calculate the highest common divisor of q and 11.
11
Suppose 5*n = 5*a - 15, 2 = -2*a + a. Let d be 7*n*(-2 + 1). Let f = d - 21. What is the highest common factor of 21 and f?
7
Suppose -22*a = -9*a - 325. Calculate the greatest common divisor of 100 and a.
25
Suppose -5*p - 15 = -55. Calculate the highest common divisor of 20 and p.
4
Let b(t) = -t**2 - 10*t + 1. Let o(q) = -q**2 + 4*q - 4. Let z be o(5). Let u be b(z). Let j be 658/u - 3/(-15). What is the highest common factor of 6 and j?
6
Let o(z) = -z**3 + 7*z**2 - 6*z + 5. Suppose 0 = h + 3*q + 9, 4 = -h - 0*h - 2*q. Let r be o(h). What is the highest common factor of 55 and r?
5
Let h = -1 + 4. Suppose 4*m = 4*q - 492, 0*q - 5*q + h*m = -609. Calculate the highest common divisor of 15 and q.
15
Let j = 0 - -2. Suppose -259 = -j*f - 67. Suppose -4*s = 8, -4*q = q - 3*s - f. Calculate the greatest common divisor of 72 and q.
18
Let f = -39 + 83. What is the highest common factor of 4 and f?
4
Let c(g) = -4 + g**2 + g**2 - 2*g + 5*g - 1. Let v be c(-4). Let f be -30*(2 - 27/6). Calculate the highest common divisor of v and f.
15
Let q be (-207)/15 + 1/(-5). Let d = q - -31. Let n(x) = x**3 + 12*x**2 + 5*x + 3. Let c be n(-5). What is the greatest common factor of c and d?
17
Let v be (11 - 8)*(-8)/(-6). Suppose 0*o = -v*o + 76. What is the highest common divisor of o and 152?
19
Let s be 6*2/((-8)/10). Let p be (-5)/(s/(-6)) - -9. What is the highest common factor of p and 14?
7
Let k be 10 + (1 + -5)*-1. Let r = 5 + -3. Let t be r/(-3) + (-107)/(-3). Calculate the greatest common divisor of k and t.
7
Let k be -2*(-4)/4 + (-9)/(-3). What is the greatest common divisor of 5 and k?
5
Suppose 2*t - 1 - 13 = 0. Let i(l) = -2*l**2 + 30*l - 3. Let q be i(13). What is the greatest common divisor of t and q?
7
Suppose -d - z + 143 = 0, 5 = -5*z - 0. Calculate the greatest common divisor of 18 and d.
18
Suppose 32*d - 65 = 27*d. What is the highest common factor of 26 and d?
13
Let d be (-4)/(-5)*(-5 + 25). Calculate the greatest common factor of d and 32.
16
Suppose 4*o = 62 + 134. Calculate the greatest common divisor of o and 343.
49
Suppose 5*k - 8*k + 30 = 0. What is the greatest common factor of k and 30?
10
Suppose -11*c - 10 = -16*c. Suppose 5 = 4*a + 1. Let g be (1 - 1) + 6/a. Calculate the greatest common divisor of g and c.
2
Suppose 16 = 5*q - 54. Suppose -z + 5*z = 4*t + 20, -4*z = 2*t - q. Suppose -z*d - 26 = -2*s, 9*d + 20 = 4*d. Calculate the highest common factor of s and 15.
5
Let x(i) = i - 1. Let q be x(5). Suppose q*z - z - 45 = 0. Let m be -15*((-12)/z - 0). What is the greatest common factor of 48 and m?
12
Let q(n) = 2*n. Let s be q(5). Suppose 4*u - 18 = u. Suppose r - u*r = -550. What is the highest common divisor of r and s?
10
Suppose g - 72 + 27 = 0. What is the highest common factor of 18 and g?
9
Suppose -5*j - w - 109 = 0, -4*j - 7*w = -4*w + 85. Let c = 33 - j. What is the greatest common divisor of 5 and c?
5
Suppose -15*c + 14*c + 18 = 0. What is the greatest common divisor of c and 198?
18
Let f = 7 + 7. Let p = f + -1. Let o = -49 + 88. Calculate the highest common divisor of o and p.
13
Let j = 7 - 26. Let o = 33 + j. Calculate the greatest common divisor of 70 and o.
14
Let j(d) = d**2 + 9*d + 6. Let w be j(-5). Let c = -5 - w. Calculate the greatest common divisor of 9 and c.
9
Let i be -1*(0 + -1 + 1). Let x(z) = -z**3 - z + 7. Let f be x(i). What is the greatest common factor of 7 and f?
7
Suppose u + 3*n + 8 = 0, 3*n + 36 = -3*u - 2*n. Let g = u + 9. Let s be -5*(-6)/(-4)*g. Calculate the highest common factor of s and 40.
20
Let o(c) = 0*c**2 + 3*c**2 - 1 - 3. Let d be o(-6). Suppose -3*s + 53 - 14 = 0. Calculate the highest common divisor of s and d.
13
Let u = -5 + 9. Suppose -3*s + 4*i = -13, -i + 16 = u*s - 5*i. Suppose -s*v + 12 = -v. Calculate the highest common divisor of v and 2.
2
Suppose -7*f + 11*f - 72 = 0. Suppose 3*a + 0*w + 2*w = f, -3*a + 2*w = -18. Let k be 354/15 + 4/10. What is the greatest common divisor of a and k?
6
Let m be 0 + -2 + (-335)/(-5). What is the greatest common factor of m and 13?
13
Let k be (-4)/7 - (-1106)/49. What is the greatest common divisor of 11 and k?
11
Let c = 12 + -1. Suppose 5*a - 5 = -5*d, 3*d + 5*a = d - 1. Suppose d*v = -2*i, 2*i + v + 3 - 4 = 0. Calculate the highest common divisor of i and c.
1
Let o = -12 - -67. Let y be (-4)/(-22) - 238/(-22). Calculate the greatest common divisor of o and y.
11
Let i = -13 - -29. What is the highest common divisor of i and 48?
16
Let n be (-2)/(-3) + 8/(-3). Let y be (-1 + 2)/(n/(-12)). Suppose -308 + 88 = -4*q - 2*i, 0 = -3*i - y. What is the greatest common divisor of 7 and q?
7
Let d be (-1)/(-2) + (-3)/(-2). Let z(x) = -4*x + 4. Let o be z(-4). Suppose 4*r = o, -2*t = -0*t + 5*r - 29. What is the highest common divisor of d and t?
2
Let x = 40 - 15. Let w be (-1)/(-1) + (8 - -1). What is the greatest common factor of x and w?
5
Let s = -4 + 2. Let w be 3 - -4*s/4. Suppose 0 = -2*b - 1 + 17. What is the highest common factor of w and b?
1
Let w = 5 - 3. Suppose 3*o = -2*o - y + 963, -4*o + w*y = -762. Let s be (o/10)/((-1)/(-5)). What is the greatest common factor of s and 12?
12
Suppose -a + 10 = -5*r + 3*a, 4*r - 28 = -4*a. Let y be -2 - r*-2 - -4